-27). Let c = 0 + l. Let o(t) = -16*t + t**c + 30*t + 7 - 20*t. What is o(5)?
2
Let p(s) = -s - 6. Let y be p(-6). Let d be -7 + 4 + y - -9. Let w(t) = -6 + t + 12 + d*t - t**3 - 4*t**2. Calculate w(-5).
-4
Suppose 0*g + 4*g - 12 = 0. Suppose -2*s + 56 = g*n, 4*n = 2*s - 0 - 42. Let x = -20 + s. Let o(l) = -l**2 + 7*l + 4. What is o(x)?
14
Let k(w) = -w**2 - 11*w + 19. Suppose -46 = 5*c + 19. Calculate k(c).
-7
Suppose -3*b - 252 + 261 = 0. Let n(m) be the first derivative of -1/3*m**b + m**2 + 2*m - 5. Determine n(3).
-1
Let l(o) = -o**3 - 11*o**2 - 11*o - 14. Let x be l(-10). Let h(j) = j**3 + 4*j**2 + 2. What is h(x)?
2
Suppose 0 = -0*s + s - 17. Let p = 12 - s. Let f(a) = 2*a + 4. Calculate f(p).
-6
Let x = -30 - -26. Let q(t) = -t**3 + 4*t**2 - 3*t + 8. Let s(b) = b**3 - 5*b**2 + 4*b - 8. Let l(u) = x*s(u) - 3*q(u). Give l(7).
8
Let n(x) = -x**3 - 3*x**2 + 5*x + 5. Let g be (-20)/25*(7 - 2). Let w be -1 + 2/(6 + g). Suppose 3*b = -w - 12. Calculate n(b).
1
Let h(p) be the first derivative of -p**4/4 + 2*p**3/3 + 5*p**2 - 6*p - 395. Determine h(4).
2
Suppose 3*q + 0*q - 2*u = -18, -2*q - 3*u = -1. Let i(z) = -5*z**2 - 21*z + 3. Let y(x) = -3*x**2 - 11*x + 1. Let g(j) = q*i(j) + 7*y(j). What is g(4)?
7
Let j(k) = k**2 + 6*k - 4. Let z(i) = 4*i**2 + 25*i - 18. Let y(d) = 18*j(d) - 4*z(d). Let f be y(-3). Let r(p) = p**2 + 4*p + 1. Give r(f).
13
Let d(g) be the first derivative of 2*g**2 - g + 3. Suppose 3 + 17 = -5*n. Let u be 1 + (3 + n - 1). Determine d(u).
-5
Let i(k) = -k**2 - k - 5. Let o(f) = f + 11. Let w be o(-11). Suppose w = -3*b - t + 3, 6*b + 9 = 2*b + 3*t. Let n be ((-1)/(-1) + 0)*b. Determine i(n).
-5
Let l(k) = 2*k**3 + k**2 - 1. Let u be l(-1). Let o = -26 - -25. Let j = u + o. Let t(f) = -f**3 - 4*f**2 - 3*f - 2. Give t(j).
-2
Let i = -4215/4 + 1054. Let r(l) be the first derivative of 3 - 1/2*l**2 - 3*l + 4/3*l**3 + i*l**4. Calculate r(-3).
9
Suppose -3*s - 5 = 1, -s + 34 = -4*y. Let d = 9 + y. Suppose d = -3*j - 12 - 3. Let k(o) = o**2 + 5*o + 2. What is k(j)?
2
Let u be (-3 - 18/(-4))*-2. Let q(z) = -z + 1. Let j(o) = 2*o + 3 - o - 5*o. Let b(y) = u*q(y) + j(y). What is b(-2)?
2
Let h(z) = -z**2 + 13*z - 4. Let r = -240 + 252. Determine h(r).
8
Let x(z) be the first derivative of -z**3/3 - 9*z**2/2 - 5*z + 434. Determine x(-4).
15
Let d(v) = -8*v - 3. Let p(k) = -5*k - 4. Let i(f) = 3*d(f) - 4*p(f). Calculate i(3).
-5
Let h(k) = -2*k + 3. Let t(m) be the third derivative of -m**4/4 + 3*m**3/2 + 2*m**2. Let f(i) = 17*h(i) - 6*t(i). Let u be 4/(-4) - (9 - 49/7). Give f(u).
-9
Let x(b) = b**2 + b + 2. Let y = -1780 + 1774. What is x(y)?
32
Let r(n) = -n**2 - 8*n + 1. Let p be r(-8). Let m be -1 - p/(-3 + 60/21). Let b(o) = -2*o + 5. Calculate b(m).
-7
Let c(p) = p + 1. Let h(z) = z**3 - 13*z**2 + 17*z + 20. Let t(d) = 6*c(d) - h(d). Calculate t(12).
-2
Let k(o) = -6*o**2 - 2*o**2 - 51 + 46 + 3*o**2 - o**3 + 6*o. Determine k(-6).
-5
Suppose 85 = 5*k + 5*f, 4*f = 10*k - 8*k - 46. Let m(t) = t**3 - 19*t**2 + t - 21. What is m(k)?
-2
Let z = 7596 + -7590. Let q(j) = j**3 + 6*j**2 - 6*j + 7. Let k(h) = 3*h**3 + 12*h**2 - 13*h + 13. Let b(y) = 2*k(y) - 5*q(y). Determine b(z).
15
Let k(z) be the third derivative of -z**4/8 + 15*z**3/2 - 32*z**2. Determine k(19).
-12
Let i(n) = -n**3 - 3*n**3 + 8 - n + 3*n**3 + 9*n**2. Suppose 3*s = 2*r - 31 - 2, -3*r + 3*s = -42. What is i(r)?
-1
Let o = -34 + 36. Let i(k) = -7*k + k**o + k - 8 + 2*k. Calculate i(6).
4
Let l(k) = 2*k**2 - 5*k + 3. Let y = 218 - 215. Determine l(y).
6
Let d be (-1 - -2)*(-2)/(-1). Let u(z) = 2*z. Let g(s) = -3*s - 1 + 1. Let o(h) = 4*g(h) + 5*u(h). Determine o(d).
-4
Let d(w) = 15 + 29*w - w**2 - 19*w - 2 + 1. Determine d(11).
3
Let i(m) = -153*m + 468*m + 2 - 163*m - 153*m + 4*m**2. Give i(2).
16
Let x(g) = -3*g**2 + 9*g + 1. Suppose a + 2 = -4*b, 5*a - 4*b - 12 = -2*b. Let s(f) = 7*f**2 - 19*f - 3. Let m(y) = a*s(y) + 5*x(y). Give m(7).
-1
Let j(l) = -4*l - 12. Let w(a) = -3*a - 10. Let g(c) = 5*j(c) - 6*w(c). Suppose -v + 5*n - 7 = 10, n = -5*v + 19. Determine g(v).
-6
Suppose 0 = 5*l - 11 - 9. Let v(z) = -z**2 - 3*z + 0*z**2 + 1 + 2*z - l*z**3 + 0*z. Let d be ((-1)/1)/(0 - 1). Determine v(d).
-5
Let h(r) = -7 + 12 - 5 + r**2 - 3 - 3*r. Suppose b = -3*b - 12. Calculate h(b).
15
Let x(v) = 9*v**2 + 15*v + 4. Let o(p) be the first derivative of 4/3*p**3 + 1 + 2*p + 7/2*p**2. Let c(k) = 7*o(k) - 3*x(k). Give c(-4).
2
Suppose 0*n + 5*n + 20 = 0. Let p(k) = -24*k + 13. Let w(v) = 11*v - 6. Let f(u) = -4*p(u) - 9*w(u). Give f(n).
14
Let o = 23 - 2. Suppose o = -10*j + 11. Let r(t) = 3*t**3 + 3*t**2 + 10*t + 3. Let v(l) = -l**3 - l**2 - 3*l - 1. Let i(y) = 2*r(y) + 7*v(y). Determine i(j).
0
Let y(b) be the second derivative of 5/2*b**2 - 10*b - 1/6*b**3 - 1/12*b**4 + 0. Suppose 0 = -2*p - 0*p. Calculate y(p).
5
Let a(q) = -7*q - 3. Let o(y) = 15*y + 7. Suppose 114 = 5*h - 96. Suppose -2*b = b - h. Let v(s) = b*a(s) + 6*o(s). What is v(1)?
-8
Let p(a) = 3*a. Let l(u) = -u**2 + 2*u + 1. Let x be l(-1). Let y be (-5 - (x - -2))/(-5 - -4). What is p(y)?
15
Suppose q = -4*x + 163, 4*q = -3*x + 3*q + 123. Let i(f) = -82*f + 1 + x*f + 41*f. Determine i(1).
0
Let c(s) = -4*s**2 + 1. Suppose 0 = -3*u, 5*y + 27*u = 31*u - 10. Calculate c(y).
-15
Let p(k) be the second derivative of -k**6/360 - 3*k**5/40 - 19*k**4/12 + 6*k. Let b(i) be the third derivative of p(i). Give b(-6).
3
Let n(f) = -42 + 9 + 5 - f. Calculate n(-12).
-16
Suppose 0 = -4*k + 313 + 199. Let j(q) = 72*q**2 - k*q**2 + 63*q**2. Calculate j(-1).
7
Let q(f) be the second derivative of f**7/2520 - f**6/720 - 3*f**5/40 + f**4/4 - f**3/6 - 56*f. Let a(z) be the third derivative of q(z). What is a(0)?
-9
Let w = 30 - 20. Suppose 0 = 5*y - w*y. Let h(i) = 0*i**2 - 7*i**3 + y*i**2 - i + 0*i - i**2. Give h(-1).
7
Suppose -a - 1 + 21 = 4*h, h = 3*a + 5. Suppose 0 = -3*r - 7*s + 2*s + 97, 5*r + s = 125. Let g(p) = -19 + r - 16 + p. What is g(h)?
-6
Suppose 4*p - 5*c = 15, 3*p + 2*p = 5*c + 20. Let a(s) be the second derivative of s**3/2 + s**2/2 + 3*s. Give a(p).
16
Let v(w) be the first derivative of -w**4/4 - 7*w**3/3 - 2*w**2 - 9*w - 262. Determine v(-6).
-21
Let f be (0 - -2)*(-130)/4. Let b be (-2)/(-10) + 338/f. Let g(d) = 2 - 6*d - d**2 - 4 + 2*d. Give g(b).
-7
Let t = 105 + -104. Let x(s) = -5*s**2 - s + 1. Let n(w) = -3*w - w**2 + 3*w - w. Let q(y) = t*x(y) - 6*n(y). Give q(-6).
7
Let t = 379 + -382. Let w(r) = r**2 + 5*r - 4. Calculate w(t).
-10
Let k(p) = p**3 + 6*p**2 + 5*p + 3. Suppose -59 + 111 = -13*h. Calculate k(h).
15
Let n(k) = 3*k + 5*k - 9*k + 10. Let v(w) = w**2 - 9*w - 2. Let i be v(10). Give n(i).
2
Let k be 3 + 2 + (-5 - -3 - 0). Suppose 0 = 5*r + k + 37. Let p(b) = -b - 10. Give p(r).
-2
Suppose 13*q = 2 + 128. Let z(t) = -t**2 + 11*t - 2. Give z(q).
8
Let u be -4 - 10*(5 + (-33)/6). Let w(o) = -34*o - 2. Determine w(u).
-36
Let m(o) = o**3 - 7*o**2 - 42*o - 27. Let s be m(11). Let p(q) = -q**3 - 2*q**2 - q + 1. Let w be p(-2). Let k(y) = 4*y + 6 - w*y - 2. What is k(s)?
-1
Let z be (0 - 0)/((-3)/((-24)/16)). Let f(g) = -g**2 + 12*g + 2. Let i be f(12). Let s(y) = -i*y + 0*y + 5 - 1 + y. Calculate s(z).
4
Let c = 64 + -68. Let d(l) = -3*l - 3. Calculate d(c).
9
Let a(m) be the third derivative of m**9/30240 - m**7/2520 - m**6/720 - 3*m**5/10 + 8*m**2. Let q(z) be the third derivative of a(z). What is q(-1)?
-1
Let z(f) = 2*f**3 + 2*f**2 + 15*f + 25. Let p(k) = k**3 + k**2 + 7*k + 13. Let r be ((-6)/(-9))/((-4)/78). Let g(x) = r*p(x) + 6*z(x). Let m = 1 - 1. Give g(m).
-19
Let q(g) = -g. Suppose -3*v + 5*v - 8 = 0, 5*a + 2*v + 22 = 0. Let s be -22*3*3/(-18). Let f = a + s. Determine q(f).
-5
Let g(p) = 2*p + 1. Let s = -213 - -215. Give g(s).
5
Suppose 2*w + c + 32 + 1 = 0, -w + 4*c = -6. Let g(z) = 9*z**3 - 2*z + 1. Let l be g(1). Let o = l + w. Let r(s) = s**2 + 7*s + 2. Determine r(o).
-4
Let t(s) = -2*s**3 - 33*s**2 - 16*s - 6. Let f = -945 - -929. Calculate t(f).
-6
Let u = -1052 - -1046. Let k(v) = v**2 + 5*v - 6. Calculate k(u).
0
Let j = 818 + -812. Let r(l) = -7*l + 4. Calculate r(j).
-38
Let l = 0 + 1. Let w(q) be the third derivative of -7*q**6/120 - q**3/6 + q**2. What is w(l)?
-8
Suppose 55*x = 101 - 376. Let p(n) be the first derivative of 2*n**3 - 1 + 1/4*n**4 + 7/2*n**2 + 5*n. D